at is the tens digit of y?
6
Let f(j) = 447*j + 50. What is the thousands digit of f(6)?
2
Let m = 101 + -99. Suppose 3*u + 22 = m*z - 6*z, 2*u - 3*z = -9. What is the hundreds digit of (-104)/u*-15*(-4)/8?
1
Let g(d) = 46 - 3*d**2 - 4 - 11*d**2 + 25*d**2 - 8*d**2 + 21*d. What is the tens digit of g(-17)?
5
Let a = -13365 + 15458. What is the units digit of a?
3
Let t(q) = -83*q - 7. Let b be t(-3). Let j = b - -44. What is the units digit of j?
6
Let u(k) = 3*k - 19. Let i(j) = 5*j - 28. Let n(d) = 5*i(d) - 7*u(d). Let w(x) = -7*x + 14. Let q(t) = 9*n(t) + 4*w(t). What is the units digit of q(12)?
9
Suppose 3*l - f - 11852 = -0*l, -5*l + 3*f + 19760 = 0. Suppose 22*d + 363 = l. What is the tens digit of d?
6
What is the tens digit of -17 - (10 + -9 + -12) - (-684)/1?
7
Let c(r) = -724*r - 3061. What is the units digit of c(-11)?
3
Let a = -14 + 12. Let t be 8/3 + a/(-6) + -1. Suppose d - 4 = -d - v, -t*d + 14 = -4*v. What is the units digit of d?
3
Let g(h) = -139*h - 2134. What is the hundreds digit of g(-27)?
6
What is the hundreds digit of 3 + (3*443)/(94/188)?
6
Let i(p) = -p**3 + 11*p**2 - 9*p - 11. Let o be i(11). Let v = 168 + o. Suppose -5*w + 222 = 3*g, -2*w = -5*g - v - 37. What is the units digit of w?
5
Suppose 0 = 2*t + 5*m - 845, -t - 2*t - m + 1261 = 0. Let q = t - -31. What is the units digit of q?
1
Let x be 65/15 + (-8)/6. Suppose -3*z = f - x*f - 437, 3*z - 451 = -5*f. What is the hundreds digit of z?
1
Let b be ((-2)/(-6))/(-1 + (-13)/(-12)). Suppose b*i = 2*v - 1420, 4*v + v - i = 3532. What is the tens digit of v?
0
Suppose -4*u = 5*d - 7*u + 52, -2*d - 5*u + 4 = 0. What is the units digit of (-7 - 2 - -5)*(1 + d)?
8
Let f(z) = 9*z**2 + 5*z + 8. Let s = -186 + 181. What is the hundreds digit of f(s)?
2
Suppose 4*o - 22 = -2*j, 3*j - 2*j = -o + 7. Let s(q) = 73*q - 13. What is the tens digit of s(j)?
0
Let s be (-1 + 1/1)/(296 + -299). Let g(c) = c**2 + 7*c - 6. Let b be g(-8). Suppose -z - 2*m + 107 = s, 4*m + 95 = -z + b*z. What is the hundreds digit of z?
1
Let k(n) = -87*n + 2 + 1 - 93*n + 4*n**3 + 190*n - 11*n**2. What is the hundreds digit of k(7)?
9
What is the hundreds digit of ((-58)/(-3))/((-98)/(-12495))?
4
Let u(t) = -25*t - 166. Let f(l) = 12*l + 83. Let w(y) = 5*f(y) + 3*u(y). What is the units digit of w(-13)?
2
Let i(y) be the first derivative of 53*y**2/2 - 195*y + 146. What is the units digit of i(28)?
9
Let o be (0/((-3)/3))/(-1). Suppose m = -o*m - 4. What is the units digit of -2*362/(-8) + (-2)/m?
1
Suppose -4*f - z + 25 = 0, 3 = z + 2*z. Suppose 3*n = f*n - 840. Suppose 4*o = 24 + n. What is the units digit of o?
6
Let c(d) = 24*d - 266. Let i be c(7). Let o = -3 - i. What is the units digit of o?
5
Suppose -7*i = -6*i - 6*i. Suppose -t - t - 6 = i, 45 = -2*n + 3*t. Let u = n + 101. What is the units digit of u?
4
Let j(p) = -p - 41. Let y(u) = 5 + 10 - 8 + 35 + u. Let i(l) = -6*j(l) - 5*y(l). What is the units digit of i(-5)?
1
Suppose 6*x - 179 - 637 = 0. Suppose x = 3*p + 5*v, -7*p - 3*v + 132 = -4*p. Let m = p + 9. What is the units digit of m?
1
Suppose -373*u + 231435 - 1015824 = -17741715. What is the ten thousands digit of u?
4
Let p be 10 - 13/((-65)/20). Suppose p*b - 2 - 1874 = 0. What is the hundreds digit of b?
1
What is the units digit of 145132/6 + (7881/4473 - 3/7)?
0
Suppose 0 = -5*b + 9768 + 28487. What is the tens digit of b?
5
Let l be (1*-4)/((-6 + 8)*-1). Let p be 3/l - (-2)/4. Suppose 0 = -0*t - 3*t - 9, 65 = p*s + 5*t. What is the tens digit of s?
4
Let t(k) = 9*k**2 - 9*k - 61. Let w(f) = -f**3 + 7*f**2 - 2*f + 9. Let h be w(7). What is the hundreds digit of t(h)?
2
Suppose 2*n - 3*y = 237, 0*n - 4*y = -n + 131. Suppose -8*b + 761 = -n. Let r = b - -119. What is the units digit of r?
8
Let z = -95887 + 141883. What is the tens digit of z?
9
Suppose 0 = -8*t - 424 + 3208. Let d = t + 148. What is the units digit of d?
6
Suppose 0 = -h - 4*b + 1051, -7*b = -5*h - 2*b + 5305. What is the hundreds digit of h?
0
Suppose q - 185 = -4*b + 263, -4*q - 2*b = -1764. Suppose -s - 3*c + q = 0, s + 5*c - 1340 = -2*s. What is the tens digit of s?
5
Suppose 2*g = -f + 44201, 5*f + 66007 + 22458 = 4*g. What is the hundreds digit of g?
1
Let k(d) = 188*d**2 + 2*d - 4. Suppose 5*j = 3*q - 18, q + 4*j - 3*j = -2. What is the units digit of k(q)?
6
What is the thousands digit of (4/(-10) + (-8710)/(-25))*(-246)/(-12)?
7
Suppose -5*c + 4*m + 71 = 0, 30 + 49 = 5*c + 4*m. Suppose -c = 6*r - 7*r. What is the units digit of 4/40*-6 + 1359/r?
0
Suppose -17*y + 19*y = -6, 4*q - 4*y - 40956 = 0. What is the ten thousands digit of q?
1
Suppose -4*b + 74907 = -4*q + q, -2*q = -3*b + 56181. What is the hundreds digit of b?
7
Let t = 19 + -19. Suppose -3*i + 1 - 19 = t. Let x = i - -20. What is the units digit of x?
4
Suppose -6*g + 4*s = -11*g + 350, 0 = 5*g + s - 335. Suppose -55*p = -g*p + 4389. What is the tens digit of p?
9
Suppose -4*g - 2*l = -46666, -3*l - 59 + 68 = 0. What is the units digit of g?
5
Suppose -35*y = -37*y + 18. Let q(i) = 120*i + 205. What is the units digit of q(y)?
5
Suppose 2*p = -m + 1205 + 85310, 2*m - 4*p - 173078 = 0. What is the ten thousands digit of m?
8
Suppose -611 - 2932 = 3*m. Let y = -995 - m. What is the hundreds digit of y?
1
Let y(q) = 259*q**3 + 6*q**2 - 16*q + 28. What is the hundreds digit of y(4)?
6
Let z(o) = -2*o**3 + 9*o**2 + 5*o - 36. Let q be z(4). Let f(x) = -21*x + 668. What is the tens digit of f(q)?
6
Let p be (-12450)/(-9) + 6/54*6. Suppose 4*y - p = -52. What is the units digit of y?
3
Suppose 0 = h - 3*a + 1 + 6, 2*h + 10 = 2*a. What is the tens digit of 345 - 0 - (-4 + h/(-4))?
4
Let r = -17 - -10. Let g be r/35 - (2 - (-22)/(-10)). Suppose 2*o + 3*a = a + 208, -5*a - 10 = g. What is the tens digit of o?
0
Suppose -257 = -s - 4*p, -3*s - 3*p = -4*p - 810. Let w = 38 + s. Suppose 10*m + w = 1437. What is the units digit of m?
3
Let y = 159034 + -87872. What is the units digit of y?
2
Let k(s) = -438*s**3 + 2*s**2 + s. Let b = -15 - -14. What is the hundreds digit of k(b)?
4
Suppose 0 = 14*f - 10*f. Let w(z) = -13*z + 44. What is the tens digit of w(f)?
4
Let s = 701 + 8238. What is the units digit of s?
9
Let n be ((-12)/42)/((-8)/(-31192)). Let w = n - -2616. What is the tens digit of w?
0
What is the thousands digit of 8/(-84) - 77819896/(-1617)?
8
Suppose 3*d + 4*j = 770, -d - 3*d = -5*j - 1006. Suppose 10*p = d + 646. What is the units digit of p?
0
Suppose 4*z - 8*z = 0. Suppose 2*c + 5 = 5*p - 8, c - 2*p + 5 = z. Suppose 202 = 7*b - c. What is the tens digit of b?
2
Let a(g) = 40*g**2 + 12*g - 57. Suppose 4*u = 5*n - 8*n - 8, 0 = -5*n - 2*u + 10. What is the hundreds digit of a(n)?
6
Suppose -5*g + 751 = -644. Suppose -58 = -14*y - 1710. Let o = y + g. What is the units digit of o?
1
Let t(n) = 12*n + 32. Suppose -22*w + 10 = -17*w. Let a(g) = 4*g - 1. Let s be a(w). What is the tens digit of t(s)?
1
Suppose -2*x = -x - 902. Let h(j) = -j**3 - 13*j**2 - 54*j - 146. Let z be h(-12). Suppose x = 7*p - z. What is the hundreds digit of p?
1
Let y(w) = -1 - w**3 + 11*w - 7*w**2 - w**2 + 6 + 10*w**2. What is the units digit of y(-8)?
7
What is the tens digit of (-3090618)/(-3090)*(1 + 127/3)?
4
Let q(o) = 3*o**2 + 9*o + 4. Let v(b) be the first derivative of 4*b**3/3 + 9*b**2/2 + 4*b + 5. Let m(c) = -4*q(c) + 5*v(c). What is the units digit of m(-3)?
9
What is the tens digit of (-5)/(-4) - 1 - (-297916)/16?
2
Suppose -3*n + 43632 = -53805. What is the ten thousands digit of n?
3
Let m = 96 - -16. Suppose -5*k = m + 223. What is the tens digit of 7*k/(-4) - (-2)/(-8)?
1
Suppose 0 = -14*n + 10*n + 3*t - 12, 5*t - 20 = n. Suppose n = 34*s - 5414 - 22806. What is the units digit of s?
0
Suppose l = 4*c + 67273, l = 5*l - 5*c - 269158. What is the hundreds digit of l?
2
Suppose -3252*p + 3309*p - 3606105 = 0. What is the units digit of p?
5
Let f(x) = -1927*x + 218. What is the units digit of f(-4)?
6
Let z = 63 - 58. Suppose 4*f - 583 = 5*j, -4*j = -2*f - z*j + 309. What is the units digit of f?
2
Let s = 80 + -77. Suppose 5*z = -20, -2*f = f - s*z - 21. Suppose -3*i + 243 = 2*i + f*y, i + 3*y - 39 = 0. What is the units digit of i?
1
Suppose 33*c - 42984 = 82680. What is the tens digit of (6/(-15))/2 - c/(-40)?
9
What is the tens digit of (-26)/6